 + -1?
22f
In base 12, what is 395 - b?
386
In base 8, what is -50 + -4?
-54
In base 16, what is -3 - -4?
1
In base 4, what is -11 + 123?
112
In base 5, what is 340 + 341?
1231
In base 11, what is 9 - 68?
-5a
In base 16, what is -52 + 15?
-3d
In base 16, what is -97 - 12?
-a9
In base 12, what is -382 + 3?
-37b
In base 3, what is -101 - 12000210?
-12001011
In base 5, what is 21131 + 14?
21200
In base 2, what is -1 - -111110?
111101
In base 12, what is 1 - 441?
-440
In base 11, what is -293 - -12?
-281
In base 7, what is 520 + 4?
524
In base 6, what is 25 + 1231?
1300
In base 8, what is 5 - -7057?
7064
In base 8, what is -5566 + -1?
-5567
In base 11, what is -1a3 - -93?
-110
In base 6, what is 23442 + 2?
23444
In base 8, what is -15 + -125?
-142
In base 16, what is -198c - 5?
-1991
In base 4, what is -33013 + -12?
-33031
In base 7, what is -30 - -6?
-21
In base 5, what is -22 + 1222?
1200
In base 14, what is -5 + c?
7
In base 11, what is 3 + 183?
186
In base 2, what is 10101 + -100000?
-1011
In base 6, what is -20 + 114?
54
In base 15, what is -7 + e9?
e2
In base 8, what is -3 + -346?
-351
In base 9, what is 5 - 465?
-460
In base 14, what is 48c - 4?
488
In base 3, what is -111220 - -2?
-111211
In base 2, what is -100 - 1011?
-1111
In base 11, what is -1 + -3897?
-3898
In base 6, what is -3 + 30111?
30104
In base 3, what is 10 - 1202?
-1122
In base 6, what is 0 - 222?
-222
In base 15, what is 45 + 8?
4d
In base 4, what is 22301 + 3?
22310
In base 9, what is 5 + -26?
-21
In base 7, what is -2415 - 5?
-2423
In base 15, what is -1 + 9?
8
In base 13, what is a - 43?
-36
In base 16, what is -9e - 5?
-a3
In base 12, what is 3a5 + 0?
3a5
In base 3, what is 10 - -20212?
20222
In base 14, what is -4 - 21a7?
-21ab
In base 4, what is 21 - 222?
-201
In base 16, what is -2 - -4b6?
4b4
In base 6, what is 14 - -2522?
2540
In base 13, what is -55 - -15?
-40
In base 4, what is -2 + -23221?
-23223
In base 11, what is -42 - 4?
-46
In base 7, what is 1 - -1?
2
In base 3, what is -10 - -11212?
11202
In base 5, what is -3 - -10344?
10341
In base 14, what is -1 + -198?
-199
In base 11, what is -6 + 23?
18
In base 15, what is -187 + -3?
-18a
In base 9, what is -10 - -26?
16
In base 13, what is 56 + -15?
41
In base 3, what is -102 - -1112?
1010
In base 9, what is -118 - 161?
-280
In base 4, what is 0 - -1001?
1001
In base 5, what is -1243 + -10?
-1303
In base 13, what is 5 - 39?
-34
In base 11, what is -125 - -a?
-116
In base 13, what is 274 - -2?
276
In base 15, what is 5 + -10?
-a
In base 11, what is -10a + -1?
-110
In base 8, what is 5666 - 4?
5662
In base 2, what is -1000 + 1011?
11
In base 2, what is 11 + 1000001110101?
1000001111000
In base 16, what is 4 - -2b?
2f
In base 15, what is -63 + -5?
-68
In base 9, what is 260 - 3?
256
In base 14, what is 2 + 3c?
40
In base 13, what is 88 - 13a?
-82
In base 4, what is -121 + 130?
3
In base 14, what is -1 + -46d?
-470
In base 13, what is -20 - a1?
-c1
In base 4, what is -11 + -11003?
-11020
In base 10, what is -2 + 572?
570
In base 6, what is 3 + -15300?
-15253
In base 4, what is -10 + -1011?
-1021
In base 8, what is 1 - -404?
405
In base 2, what is -1000111 + 10010?
-110101
In base 9, what is 152 + -4?
147
In base 10, what is -43 + -15?
-58
In base 8, what is -2050 - -12?
-2036
In base 10, what is -4 - -11?
7
In base 8, what is 10 + 20?
30
In base 9, what is -136 + 45?
-81
In base 8, what is -13 - -36?
23
In base 5, what is 20 - -100?
120
In base 5, what is -124 - 22?
-201
In base 3, what is -100 + -102?
-202
In base 6, what is -2030 - -5?
-2021
In base 16, what is -34 + -b?
-3f
In base 4, what is -1313 + -2012?
-3331
In base 9, what is -47 + -6?
-54
In base 9, what is 5 - 2823?
-2817
In base 3, what is 1 - 200122?
-200121
In base 3, what is -11 - -2221?
2210
In base 3, what is 102 + -2010?
-1201
In base 7, what is -26 + 20?
-6
In base 6, what is 132 + 4?
140
In base 12, what is -102 + -5?
-107
In base 15, what is 20 - -13?
33
In base 10, what is -53 - -4?
-49
In base 13, what is 4 - -1208?
120c
In base 10, what is 23 - 24?
-1
In base 15, what is -5 + 38b?
386
In base 10, what is 6 - -2?
8
In base 6, what is 22330 + 3?
22333
In base 14, what is 1 - 852?
-851
In base 4, what is 123 + 112?
301
In base 5, what is 0 + -10?
-10
In base 6, what is 1240 - -5?
1245
In base 5, what is 11 + 313?
324
In base 11, what is -58 + 96?
39
In base 12, what is 13 - b5?
-a2
In base 13, what is 43 + -51?
-b
In base 8, what is -3 + -627?
-632
In base 12, what is 291 + b?
2a0
In base 12, what is 6 + -359?
-353
In base 9, what is 4 + 23?
27
In base 6, what is 353 - -5?
402
In base 9, what is 525 + -1?
524
In base 14, what is -c - 2a?
-38
In base 10, what is 1554 + 9?
1563
In base 16, what is 2 + -148?
-146
In base 9, what is 45 - -7?
53
In base 6, what is -4 - -223?
215
In base 13, what is -3b - 6?
-44
In base 10, what is -4797 - 0?
-4797
In base 13, what is -4 - -c?
8
In base 6, what is -101505 + -3?
-101512
In base 2, what is 10 - -101001101?
101001111
In base 15, what is -306 + -3?
-309
In base 15, what is 13 - 197?
-184
In base 6, what is 1045 + -2?
1043
In base 9, what is 4 - 4?
0
In base 4, what is 2 + -22?
-20
In base 3, what is -21 + -222100?
-222121
In base 13, what is 3 - 8cb?
-8c8
In base 8, what is -104 - 36?
-142
In base 10, what is 16 - 653?
-637
In base 14, what is 4 + 125?
129
In base 6, what is -240 - -3?
-233
In base 2, what is -11010110 - 1101?
-11100011
In base 7, what is 1310 + 1?
1311
In base 3, what is 2 - 220011?
-220002
In base 8, what is 17 - -16?
35
In base 6, what is -3 + 551?
544
In base 16, what is 53 - -18?
6b
In base 16, what is -79 - -3e?
-3b
In base 7, what is -1456 + 5?
-1451
In base 4, what is 3 - -3?
12
In base 3, what is -11101 + 12?
-11012
In base 11, what is -13 - -89?
76
In base 11, what is -93 + 13?
-80
In base 3, what is 12202 - -20?
12222
In base 5, what is 343 - -30?
423
In base 15, what is 0 + 6e?
6e
In base 15, what is 87a - -1?
87b
In base 15, what is -9e - 3?
-a2
In base 2, what is 100 + 11100000110?
11100001010
In base 2, what is 1101 - -10101101?
10111010
In base 4, what is 1300 + 11?
1311
In base 2, what is -10111110111 - 11?
-10111111010
In base 6, what is 1215 - 41?
1134
In base 11, what is -56 - 142?
-198
In base 16, what is 21c + 5?
221
In base 11, what is -8 - 5?
-12
In base 16, what is -6 - 4?
-a
In base 11, what is -184 + -19?
-1a2
In base 12, what is 11559 + -3?
11556
In base 12, what is 7a3 + 15?
7b8
In base 7, what is 32 - 1?
31
In base 15, what is 0 + a?
a
In base 5, what is 0 - -103324?
103324
In base 15, what is -2 - -5b?
59
In base 4, what is -2 + -13203?
-13211
In base 14, what is 0 - -9?
9
In base 11, what is 24 - 7?
18
In base 11, what is -36 - -7?
-2a
In base 14, what is 2 - -d9?
db
In base 13, what is -1976 + -4?
-197a
In base 7, what is 45 - 6?
36
In base 13, what is -2 + 175?
173
In base 16, what is -8f6 + 0?
-8f6
In base 12, what is -2 + -99?
-9b
In base 5, what is 121 + -24?
42
In base 8, what is -1 + -3045?
-3046
In base 14, what is -43 + 8?
-39
In base 4, what is 1 - 32231?
-32230
In base 16, what is bc - -4?
c0
In base 15, what is 106 + 1?
107
In base 5, what is 13 - -104?
122
In base 7, what is 3 + 3342?
3345
In base 6, what is 332 - -2?
334
In base 11, what is -3 - -4a65?
4a62
In base 11, what is -2 + 50?
49
In base 6, what is -100 + -13?
-113
In base 4, what is -323 + 20?
-303
In base 7, what is -3 - -1666?
1663
In base 12, what is 2 - 1000?
-bba
In base 14, what is 4d + -7d?
-30
In base 14, what is -240 + -18?
-258
In base 3, what is 10110 - 10000?
110
In base 3, what is -1210102 - 1?
-1210110
In base 3, what is 110222 + -10?
110212
In base 9, what is 50 + -1?
48
In base 16, what is -5a59 + -5?
-5a5e
In base 10, what is -3 - -1146?
1143
In base 15, what is -4 - 170?
-174
In base 12, what is -4 + 4402?
43ba
In base 8, what is -5 - 10034?
-10041
In base 8, what is -3 + 2506?
2503
In base 2, what is -10010011 - -1001?
-10001010
In base 9, what is 8 - -46?
55
In base 14, what is 1 - 3d8?
-3d7
In base 15, what is 4 - 2b9?
-2b5
In base 3, what is -11 + -11122?
-11210
In base 6, what is -5 - -2?
-3
In base 10, what is 170 + -2?
168
In base 9, what is -10 - 635?
-645
In base 4, what is -130320 + -11?
-130331
In base 2, what is 100 - -11001110?
11010010
In base 8, wha